
False
Is 48004109 prime?
True
Is 6056543 composite?
False
Is 55872031 prime?
False
Is 77918807 prime?
True
Is 3965447 a prime number?
True
Is 2647709 a prime number?
True
Is 161412061 a prime number?
True
Is 340503227 a composite number?
False
Is 3094859 a prime number?
True
Is 525641 a prime number?
True
Is 7076051 a prime number?
True
Is 371159819 prime?
False
Is 11497877 a composite number?
False
Is 85998179 prime?
True
Is 338881 composite?
True
Is 570329 a composite number?
False
Is 2314106 prime?
False
Is 150070007 composite?
False
Is 421973 composite?
False
Is 694717 a composite number?
False
Is 2233129 a prime number?
True
Is 122663 prime?
True
Is 34007303 a prime number?
False
Is 29310629 composite?
False
Is 598524139 composite?
True
Is 21630845 composite?
True
Is 85499831 composite?
False
Is 801131 composite?
True
Is 54222081 prime?
False
Is 23999777 a prime number?
True
Is 21907329 a prime number?
False
Is 4014559 composite?
False
Is 152183 composite?
False
Is 4444289 composite?
False
Is 4996933 a composite number?
False
Is 62926111 a prime number?
True
Is 3952563 composite?
True
Is 101433269 composite?
True
Is 24604691 a composite number?
False
Is 46243907 prime?
True
Is 17428469 composite?
False
Is 13432267 a composite number?
True
Is 70846703 prime?
True
Is 18880237 a composite number?
True
Is 22851229 composite?
False
Is 708809 composite?
True
Is 791927 prime?
True
Is 7917401 composite?
False
Is 141016047 composite?
True
Is 5903407 a composite number?
True
Is 71569 a composite number?
False
Is 56292501 a composite number?
True
Is 202803 composite?
True
Is 143536867 prime?
False
Is 8386723 composite?
False
Is 500515 a prime number?
False
Is 528032911 a prime number?
False
Is 25341278 a prime number?
False
Is 31687493 composite?
False
Is 12233803 composite?
False
Is 419941993 composite?
True
Is 151263991 a composite number?
True
Is 4072039 composite?
False
Is 15243509 a prime number?
False
Is 8264458 a composite number?
True
Is 31463423 composite?
True
Is 3230831 a prime number?
True
Is 1274989 a prime number?
True
Is 491327 a prime number?
True
Is 174679123 prime?
True
Is 38337347 prime?
True
Is 355207 a prime number?
False
Is 1500457 prime?
False
Is 68271699 a prime number?
False
Is 3695353 composite?
False
Is 6638451 prime?
False
Is 2306557 composite?
True
Is 424557479 a prime number?
True
Is 344771 a prime number?
False
Is 37488431 a composite number?
False
Is 6004721 a prime number?
False
Is 130839799 prime?
False
Is 673163 a prime number?
False
Is 40199807 prime?
False
Is 549568007 a composite number?
False
Is 3271049 prime?
True
Is 31927121 a prime number?
True
Is 214569679 a composite number?
True
Is 145506437 a prime number?
False
Is 107941 a composite number?
False
Is 22839659 composite?
False
Is 838242047 composite?
False
Is 329233 a prime number?
True
Is 2350486 a composite number?
True
Is 41693341 a prime number?
True
Is 49003853 a prime number?
False
Is 12489569 prime?
True
Is 66699667 prime?
True
Is 88727941 composite?
True
Is 1561853 a composite number?
True
Is 26412935 composite?
True
Is 74533115 a composite number?
True
Is 63346319 composite?
False
Is 2510777 composite?
False
Is 1041613 a prime number?
False
Is 22592498 a composite number?
True
Is 745954351 a composite number?
False
Is 14823271 a composite number?
False
Is 29668501 composite?
False
Is 10379167 a prime number?
False
Is 138053 a prime number?
True
Is 26477701 a composite number?
False
Is 58837039 composite?
True
Is 24896063 prime?
True
Is 3438023 prime?
True
Is 445824469 composite?
True
Is 31505767 prime?
True
Is 63128213 a composite number?
False
Is 19806757 a prime number?
True
Is 12109331 prime?
False
Is 16016723 prime?
False
Is 93269087 a composite number?
False
Is 298703 a composite number?
True
Is 1463557 a prime number?
True
Is 814046 prime?
False
Is 1332499 a composite number?
True
Is 60271465 a composite number?
True
Is 44944393 prime?
False
Is 3026791 a prime number?
False
Is 552139253 prime?
True
Is 116077231 a composite number?
False
Is 6206017 a prime number?
True
Is 14708087 composite?
False
Is 363677 a composite number?
False
Is 605257 a composite number?
False
Is 34772459 prime?
True
Is 64657711 composite?
False
Is 2585777 a composite number?
False
Is 4189997 a composite number?
True
Is 957289 a prime number?
True
Is 20782031 composite?
False
Is 14641079 prime?
False
Is 12166907 a prime number?
False
Is 10739153 composite?
False
Is 401707 a prime number?
True
Is 11348053 a composite number?
False
Is 16208345 a composite number?
True
Is 39026041 a composite number?
False
Is 133385143 prime?
True
Is 86841245 composite?
True
Is 3465041 a composite number?
True
Is 79058099 a prime number?
True
Is 20376049 composite?
False
Is 808061 a composite number?
True
Is 1462079 prime?
False
Is 240456995 a prime number?
False
Is 967094969 a prime number?
True
Is 172786547 a composite number?
True
Is 32360843 composite?
True
Is 102783089 composite?
True
Is 1004723 a prime number?
True
Is 10266583 a prime number?
True
Is 1376351 prime?
False
Is 2220046 a prime number?
False
Is 273213827 a composite number?
False
Is 4020197 a prime number?
True
Is 12397279 a composite number?
True
Is 6821303 prime?
True
Is 10463567 a composite number?
False
Is 102824615 a prime number?
False
Is 34808287 a composite number?
True
Is 2226283 a composite number?
False
Is 14525417 a prime number?
True
Is 151287079 a prime number?
True
Is 63685943 a prime number?
False
Is 17367071 composite?
False
Is 6289691 composite?
True
Is 1234967 prime?
True
Is 2646409 composite?
False
Is 4249367 composite?
True
Is 34992701 composite?
False
Is 130687061 composite?
False
Is 37205627 composite?
False
Is 518215 composite?
True
Is 289131979 prime?
True
Is 2224837 a prime number?
True
Is 5917661 prime?
True
Is 81731129 composite?
False
Is 3810979 prime?
True
Is 8356559 a prime number?
True
Is 23192245 prime?
False
Is 13784887 composite?
True
Is 80849 a composite number?
False
Is 116591 composite?
True
Is 59401949 a composite number?
False
Is 955733 a composite number?
True
Is 409691 a prime number?
True
Is 9644053 a composite number?
False
Is 11439643 a prime number?
True
Is 758638709 a composite number?
False
Is 8146997 composite?
True
Is 102886447 composite?
False
Is 28666249 a prime number?
False
Is 1717279 prime?
False
Is 283415399 composite?
False
Is 990433 a prime number?
False
Is 946457267 a prime number?
False
Is 672513 composite?
True
Is 269087047 prime?
False
Is 1396643 a prime number?
False
Is 46874683 prime?
False
Is 293483 a composite number?
False
Is 42713017 prime?
True
Is 3416317 a composite number?
True
Is 33243961 a composite number?
True
Is 3421967 prime?
False
Is 1605649 a composite number?
True
Is 16117957 prime?
True
Is 34964707 a prime number?
True
Is 1879121 prime?
True
Is 28960989 a prime number?
False
Is 8812537 a composite number?
False
Is 105430049 a composite number?
False
Is 356158703 a composite number?
True
Is 271043 composite?
False
Is 3578123 composite?
True
Is 16079153 prime?
True
Is 292077221 composite?
True
Is 5308889 prime?
True
Is 916703521 composite?
True
Is 34609763 prime?
False
Is 704521 prime?
True
Is 11699323 a prime number?
False
Is 1120489 prime?
False
Is 285539 a prime number?
True
Is 3890737 prime?
True
Is 11495483 prime?
True
Is 1738907 a composite number?
True
Is 34280461 composite?
False
Is 26760047 a composite number?
False
Is 27980987 prime?
True
Is 6758659 composite?
False
Is 27274517 a prime number?
True
Is 36103339 composite?
True
Is 12811957 composite?
False
Is 4483093 a prime number?
True
Is 270999734 a composite number?
True
Is 243731 a composite number?
True
Is 50525029 prime?
False
Is 10163449 prime?
False
Is 776121187 composite?
True
Is 134993779 a composite number?
False
Is 101372281 prime?
True
Is 2792611 prime?
False
Is 11138791 a composite number?
True
Is 8247511 a prime number?
False
Is 32437469 composite?
False
Is 7798279 a prime number?
True
Is 27118381 a composite number?
False
Is 9207343 prime?
False
Is 8529899 a composite number?
True
Is 52285837 prime?
False
Is 2527001 a composite number?
True
Is 120094853 a prime number?
True
Is 14461207 prime?
True
Is 31276813 prime?
True
Is 2244507 a composite number?
True
Is 1